t the prime factors of 8190.
2, 3, 5, 7, 13
What are the prime factors of 3539?
3539
List the prime factors of 1086.
2, 3, 181
List the prime factors of 54193.
54193
What are the prime factors of 1800?
2, 3, 5
List the prime factors of 18971.
61, 311
List the prime factors of 297.
3, 11
What are the prime factors of 12519?
3, 13, 107
What are the prime factors of 11003?
11003
What are the prime factors of 61418?
2, 7, 41, 107
What are the prime factors of 5838?
2, 3, 7, 139
What are the prime factors of 174074?
2, 87037
List the prime factors of 3080.
2, 5, 7, 11
What are the prime factors of 17193?
3, 11, 521
What are the prime factors of 245?
5, 7
What are the prime factors of 4297?
4297
List the prime factors of 3906.
2, 3, 7, 31
List the prime factors of 2792.
2, 349
List the prime factors of 779.
19, 41
List the prime factors of 11742.
2, 3, 19, 103
List the prime factors of 12339.
3, 457
List the prime factors of 1466.
2, 733
List the prime factors of 7527.
3, 13, 193
What are the prime factors of 2785?
5, 557
What are the prime factors of 1824?
2, 3, 19
List the prime factors of 6269.
6269
List the prime factors of 3008.
2, 47
What are the prime factors of 3445?
5, 13, 53
What are the prime factors of 5542?
2, 17, 163
What are the prime factors of 16887?
3, 13, 433
What are the prime factors of 1155?
3, 5, 7, 11
List the prime factors of 718.
2, 359
What are the prime factors of 120?
2, 3, 5
List the prime factors of 21852.
2, 3, 607
List the prime factors of 69471.
3, 31, 83
What are the prime factors of 1191?
3, 397
What are the prime factors of 715?
5, 11, 13
List the prime factors of 355.
5, 71
What are the prime factors of 27480?
2, 3, 5, 229
List the prime factors of 1906.
2, 953
What are the prime factors of 1855?
5, 7, 53
List the prime factors of 1285.
5, 257
What are the prime factors of 100596?
2, 3, 83, 101
What are the prime factors of 274?
2, 137
List the prime factors of 1203.
3, 401
What are the prime factors of 24108?
2, 3, 7, 41
List the prime factors of 76658.
2, 38329
List the prime factors of 69269.
113, 613
List the prime factors of 8120.
2, 5, 7, 29
What are the prime factors of 2030?
2, 5, 7, 29
List the prime factors of 38842.
2, 19421
What are the prime factors of 151762?
2, 13, 449
What are the prime factors of 1021?
1021
List the prime factors of 9502.
2, 4751
List the prime factors of 123.
3, 41
What are the prime factors of 390?
2, 3, 5, 13
List the prime factors of 195397.
37, 5281
What are the prime factors of 496?
2, 31
List the prime factors of 907.
907
What are the prime factors of 2089?
2089
List the prime factors of 163034.
2, 81517
What are the prime factors of 2746?
2, 1373
What are the prime factors of 7893?
3, 877
List the prime factors of 918.
2, 3, 17
What are the prime factors of 3349?
17, 197
List the prime factors of 93792.
2, 3, 977
List the prime factors of 64597.
13, 4969
List the prime factors of 99716.
2, 97, 257
List the prime factors of 1905.
3, 5, 127
List the prime factors of 14420.
2, 5, 7, 103
List the prime factors of 5595.
3, 5, 373
List the prime factors of 5221.
23, 227
What are the prime factors of 50719?
67, 757
List the prime factors of 987.
3, 7, 47
List the prime factors of 14865.
3, 5, 991
List the prime factors of 6364.
2, 37, 43
What are the prime factors of 3358?
2, 23, 73
What are the prime factors of 939?
3, 313
What are the prime factors of 13645?
5, 2729
List the prime factors of 29307.
3, 9769
List the prime factors of 5778.
2, 3, 107
What are the prime factors of 27335?
5, 7, 11, 71
List the prime factors of 36624.
2, 3, 7, 109
List the prime factors of 2020.
2, 5, 101
List the prime factors of 303.
3, 101
What are the prime factors of 1832?
2, 229
List the prime factors of 3124.
2, 11, 71
What are the prime factors of 3499?
3499
What are the prime factors of 26492?
2, 37, 179
What are the prime factors of 32492?
2, 8123
List the prime factors of 6411.
3, 2137
What are the prime factors of 34334?
2, 17167
What are the prime factors of 1970?
2, 5, 197
List the prime factors of 855.
3, 5, 19
What are the prime factors of 9931?
9931
List the prime factors of 38797.
11, 3527
What are the prime factors of 6471?
3, 719
What are the prime factors of 10619?
7, 37, 41
List the prime factors of 5205.
3, 5, 347
List the prime factors of 4125.
3, 5, 11
List the prime factors of 40044.
2, 3, 47, 71
List the prime factors of 1306.
2, 653
List the prime factors of 55121.
11, 5011
What are the prime factors of 8957?
13, 53
List the prime factors of 25056.
2, 3, 29
What are the prime factors of 35873?
29, 1237
List the prime factors of 555.
3, 5, 37
What are the prime factors of 742?
2, 7, 53
What are the prime factors of 85882?
2, 23, 1867
List the prime factors of 733.
733
What are the prime factors of 7453?
29, 257
What are the prime factors of 21496?
2, 2687
List the prime factors of 1602.
2, 3, 89
List the prime factors of 1002.
2, 3, 167
What are the prime factors of 263?
263
List the prime factors of 3859.
17, 227
List the prime factors of 6239.
17, 367
What are the prime factors of 19974?
2, 3, 3329
What are the prime factors of 24436?
2, 41, 149
What are the prime factors of 1603?
7, 229
List the prime factors of 54985.
5, 7, 1571
What are the prime factors of 1751?
17, 103
What are the prime factors of 11707?
23, 509
List the prime factors of 5415.
3, 5, 19
What are the prime factors of 1610?
2, 5, 7, 23
What are the prime factors of 117086?
2, 58543
List the prime factors of 152.
2, 19
What are the prime factors of 871?
13, 67
List the prime factors of 24374.
2, 7, 1741
List the prime factors of 14023.
37, 379
What are the prime factors of 2528?
2, 79
List the prime factors of 782.
2, 17, 23
List the prime factors of 3818.
2, 23, 83
List the prime factors of 78.
2, 3, 13
List the prime factors of 12747.
3, 7, 607
List the prime factors of 63853.
63853
List the prime factors of 2066.
2, 1033
List the prime factors of 31113.
3, 3457
List the prime factors of 8969.
8969
List the prime factors of 2985.
3, 5, 199
List the prime factors of 141.
3, 47
What are the prime factors of 17994?
2, 3, 2999
List the prime factors of 22430.
2, 5, 2243
What are the prime factors of 568?
2, 71
What are the prime factors of 23567?
23567
List the prime factors of 944.
2, 59
List the prime factors of 3017.
7, 431
What are the prime factors of 968?
2, 11
What are the prime factors of 39445?
5, 7, 23
List the prime factors of 2611.
7, 373
List the prime factors of 4998.
2, 3, 7, 17
List the prime factors of 9827.
31, 317
What are the prime factors of 75924?
2, 3, 19, 37
What are the prime factors of 17918?
2, 17, 31
List the prime factors of 13650.
2, 3, 5, 7, 13
List the prime factors of 38930.
2, 5, 17, 229
List the prime factors of 23167.
23167
What are the prime factors of 60446?
2, 30223
What are the prime factors of 583?
11, 53
List the prime factors of 59573.
41, 1453
What are the prime factors of 17065?
5, 3413
List the prime factors of 19216.
2, 1201
What are the prime factors of 13518?
2, 3, 751
What are the prime factors of 110470?
2, 5, 11047
List the prime factors of 1389.
3, 463
What are the prime factors of 9247?
7, 1321
List the prime factors of 3.
3
List the prime factors of 445.
5, 89
What are the prime factors of 2736?
2, 3, 19
List the prime factors of 12968.
2, 1621
List the prime factors of 132917.
23, 5779
List the prime factors of 18579.
3, 11, 563
What are the prime factors of 275?
5, 11
What are the prime factors of 15586?
2, 7793
List the prime factors of 3666.
2, 3, 13, 47
What are the prime factors of 989?
23, 43
List the prime factors of 697.
17, 41
What are the prime factors of 529?
23
What are the prime factors of 10883?
10883
What are the prime factors of 2736?
2, 3, 19
List the prime factors of 4817.
4817
What are the prime factors of 5185?
5, 17, 61
What are the prime factors of 103?
103
What are the prime factors of 188103?
3, 62701
List the prime factors of 75156.
2, 3, 6263
What are the prime factors of 45?
3, 5
List the prime factors of 3263.
13, 251
List the prime factors of 38818.
2, 13, 1493
List the prime factors of 11862.
2, 3, 659
List the prime factors of 8006.
2, 4003
List the prime factors of 1404.
2, 3, 13
List the prime factors of 17224.